{"id":162,"date":"2024-07-02T13:23:33","date_gmt":"2024-07-02T13:23:33","guid":{"rendered":"https:\/\/felvi-teszt.vik.bme.hu\/?page_id=162"},"modified":"2024-07-02T13:33:20","modified_gmt":"2024-07-02T13:33:20","slug":"msc-gazdasaginformatikus","status":"publish","type":"page","link":"https:\/\/felvi-teszt.vik.bme.hu\/index.php\/msc-gazdasaginformatikus\/","title":{"rendered":"MSc Gazdas\u00e1ginformatikus"},"content":{"rendered":"\n<div class=\"wp-block-group alignfull has-base-color has-contrast-background-color has-text-color has-background has-global-padding is-layout-constrained wp-container-core-group-is-layout-5ef3a871 wp-block-group-is-layout-constrained\" style=\"margin-top:0;margin-bottom:0;padding-top:var(--wp--preset--spacing--20);padding-right:var(--wp--preset--spacing--60);padding-bottom:var(--wp--preset--spacing--20);padding-left:var(--wp--preset--spacing--60)\">\n<div class=\"wp-block-group has-global-padding is-layout-constrained wp-block-group-is-layout-constrained\">\n<p style=\"margin-top:var(--wp--preset--spacing--20);margin-bottom:var(--wp--preset--spacing--20)\"><strong><strong><strong>A t\u0151zsde \u00e9s bank vil\u00e1gban, a gazdas\u00e1gi d\u00f6nt\u00e9sek t\u00e1mogat\u00e1s\u00e1ban az informatika elhagyhatatlan szerepl\u0151. E szak a kar BSc k\u00e9pz\u00e9seinek egy lehets\u00e9ges MSc szint\u0171 folytat\u00e1sa. A k\u00e9pz\u00e9s c\u00e9ljai, tanterv \u00e9s a specializ\u00e1ci\u00f3k \u00e1ttekint\u00e9se, a jelentkez\u00e9s felt\u00e9telei.<\/strong><\/strong><\/strong><\/p>\n\n\n\n<figure class=\"wp-block-image size-full is-style-rounded is-style-rounded--1\"><img loading=\"lazy\" decoding=\"async\" width=\"1805\" height=\"1242\" src=\"https:\/\/felvi-teszt.vik.bme.hu\/wp-content\/uploads\/2024\/07\/gazdinfo.jpg\" alt=\"\" class=\"wp-image-175\"\/><\/figure>\n\n\n\n<p style=\"margin-top:var(--wp--preset--spacing--20);margin-bottom:var(--wp--preset--spacing--20)\"><\/p>\n\n\n\n<p>A Gazdas\u00e1ginformatikus mesterk\u00e9pz\u00e9s a Kar legfiatalabb szaka, amelyet a Gazdas\u00e1gi \u00e9s T\u00e1rsadalomtudom\u00e1nyi Karral egy\u00fcttm\u0171k\u00f6dve tart. B\u00e1r egy \u00fajonnan indult k\u00e9pz\u00e9sr\u0151l van sz\u00f3, m\u00e9gis rendelkezik hagyom\u00e1nyokkal ezen a ter\u00fcleten a Villamosm\u00e9rn\u00f6ki \u00e9s Informatikai Kar, el\u00e9g a kor\u00e1bbi Bankinformatikus k\u00e9pz\u00e9sre vagy a kor\u00e1bbi \u00dczleti informatika specializ\u00e1ci\u00f3ra gondolni.<\/p>\n\n\n\n<p>A k\u00e9pz\u00e9s&nbsp;<strong>\u00f6tv\u00f6zi a gazdas\u00e1gi \u00e9s informatikai ismereteket<\/strong>, de megtartja az&nbsp;<strong>informatikai s\u00falypontot<\/strong>, olyan szakembereket bocs\u00e1jt \u00fatjukra, akik amellett, hogy tiszt\u00e1ban vannak a gazdas\u00e1gi fogalmakkal, \u00e1t tudj\u00e1k l\u00e1tni az \u00fczleti \u00e9let folyamatait, k\u00e9pesek ezeket a gyakorlatban, informatikai probl\u00e9m\u00e1k megold\u00e1sa sor\u00e1n is alkalmazni.<\/p>\n\n\n\n<p>Fontos kiemelni, hogy nem csak a gazdas\u00e1ginformatikus BSc diplom\u00e1val rendelkez\u0151k jelentkez\u00e9s\u00e9t v\u00e1rj\u00e1k a szakra, mind m\u0171szaki \u2013 els\u0151sorban informatikai \u2013 mind gazdas\u00e1gi el\u0151k\u00e9pzetts\u00e9ggel is lehet\u0151s\u00e9getek van jelentkezni.<\/p>\n\n\n\n<p>A tanulm\u00e1nyok sor\u00e1n a <strong>term\u00e9szettudom\u00e1nyos, gazdas\u00e1gi \u00e9s informatikai alapoz\u00e1s<\/strong>, \u00e9s a&nbsp;<strong>szakmai specializ\u00e1l\u00f3d\u00e1s<\/strong>t jelent\u0151 specializ\u00e1ci\u00f3k mellett nagy hangs\u00falyt kap az \u00f6n\u00e1ll\u00f3 munka is. Mind a n\u00e9gy f\u00e9l\u00e9vben lehet\u0151s\u00e9g van a konzulens vezet\u00e9se mellett zajl\u00f3 \u00f6n\u00e1ll\u00f3 munk\u00e1ra az \u00f6n\u00e1ll\u00f3 laborat\u00f3rium \u00e9s a diplomatervez\u00e9s t\u00e1rgyak keret\u00e9ben.<\/p>\n\n\n\n<p>A diploma megszerz\u00e9s\u00e9t k\u00f6vet\u0151en, a v\u00e1lasztott specializ\u00e1ci\u00f3t\u00f3l \u00e9s \u00e9rdekl\u0151d\u00e9sedt\u0151l f\u00fcgg\u0151en vagy az \u00e1llami szf\u00e9r\u00e1ban (k\u00f6zigazgat\u00e1st ir\u00e1ny\u00edt\u00f3 miniszt\u00e9riumok \u00e9s k\u00f6zponti szervek) vagy a p\u00e9nz\u00fcgyi int\u00e9zm\u00e9nyek k\u00f6zpontjaiban, esetleg a p\u00e9nz\u00fcgyekkel \u00e9s adatfeldolgoz\u00e1ssal foglalkoz\u00f3 nemzetk\u00f6zi nagyv\u00e1llalatok hazai k\u00f6zpontjaiban ny\u00edlik lehet\u0151s\u00e9ged az elhelyezked\u00e9sre. Mindh\u00e1rom ter\u00fcleten folyamatos az ig\u00e9ny az \u00fajabb szakemberekre. Emellett term\u00e9szetesen ilyen ir\u00e1ny\u00fa \u00e9rdekl\u0151d\u00e9s eset\u00e9n lehet\u0151s\u00e9g van az MSc diplom\u00e1t k\u00f6vet\u0151en r\u00e9szt venni a PhD (doktori) k\u00e9pz\u00e9sben is a M\u0171egyetemen.<\/p>\n\n\n\n<p class=\"has-link-color wp-elements-a0457cbc1816cd427ab5cee0bfd0e8d2\" style=\"padding-top:var(--wp--preset--spacing--20)\">A m\u00e9rn\u00f6k informatikus Msc k\u00e9pz\u00e9sre jelentkez\u0151k 5 f\u0151- \u00e9s 8 mell\u00e9k<a href=\"http:\/\/spec.vik.bme.hu\/\" target=\"_blank\" rel=\"noreferrer noopener\">specializ\u00e1ci\u00f3<\/a> k\u00f6z\u00fcl v\u00e1laszthatnak egyet-egyet, \u00e9rdekl\u0151d\u00e9s\u00fcknek meA gazdas\u00e1ginformatikus Msc k\u00e9pz\u00e9sre jelentkez\u0151k k\u00e9t <a href=\"http:\/\/spec.vik.bme.hu\/\" target=\"_blank\" rel=\"noreferrer noopener\">specializ\u00e1ci\u00f3<\/a>\u00a0k\u00f6z\u00fcl v\u00e1laszthatnak, \u00e9rdekl\u0151d\u00e9s\u00fcknek megfelel\u0151en.<\/p>\n\n\n\n<p style=\"margin-top:var(--wp--preset--spacing--10);margin-bottom:var(--wp--preset--spacing--10)\"><strong>V\u00e1llalatir\u00e1ny\u00edt\u00e1si informatika<\/strong>:<\/p>\n\n\n\n<p>A V\u00e1llalatir\u00e1ny\u00edt\u00e1si informatika specializ\u00e1ci\u00f3 a korszer\u0171 nagyv\u00e1llalatok ir\u00e1ny\u00edt\u00e1s\u00e1ban n\u00e9lk\u00fcl\u00f6zhetetlen inform\u00e1ci\u00f3s rendszerekkel foglalkozik. A specializ\u00e1ci\u00f3n nem csak a\u00a0<strong>v\u00e1llalatir\u00e1ny\u00edt\u00e1si \u00e9s elektronikus \u00fcgyviteli rendszerek<\/strong>\u00a0tervez\u00e9s\u00e9n \u00e9s fejleszt\u00e9s\u00e9n van a hangs\u00faly, fontos emellett az is, hogyan ker\u00fcl bevezet\u00e9sre egy v\u00e1llalatn\u00e1l, hogyan lehet integr\u00e1lni a t\u00f6bbi rendszerrel \u00e9s szolg\u00e1ltat\u00e1ssal.<\/p>\n\n\n\n<p style=\"margin-top:var(--wp--preset--spacing--10);margin-bottom:var(--wp--preset--spacing--10)\"><strong>Gazdas\u00e1gi elemz\u0151 informatika<\/strong><\/p>\n\n\n\n<p>A k\u00e9pz\u00e9s jelenleg egyetlen angol nyelven indul\u00f3 specializ\u00e1ci\u00f3ja, amely\u00a0<strong>\u00fczleti \u00e9s p\u00e9nz\u00fcgyi elemz\u00e9ssel, trendelemz\u00e9ssel \u00e9s kock\u00e1zatelemz\u00e9ssel<\/strong>\u00a0foglalkozik. A hallgat\u00f3k mind a matematikai m\u00f3dszereket, mind az ezeken alapul\u00f3 professzion\u00e1lis szoftvereket megismerik. Emellett foglalkoznak m\u00e9g m\u00e9dia \u00e9s sz\u00f6vegb\u00e1ny\u00e1szattal illetve az adatok szeml\u00e9letes megjelen\u00edt\u00e9s\u00e9vel, vizualiz\u00e1ci\u00f3val is.<\/p>\n\n\n\n<ul class=\"wp-block-list\"><\/ul>\n\n\n\n<p class=\"has-link-color wp-elements-42f0269a8a4652b13702b93e06f77eee\" style=\"margin-top:var(--wp--preset--spacing--20);margin-bottom:var(--wp--preset--spacing--20)\">A gazdas\u00e1ginformatikus mesterszak r\u00e9szletes tanterve, a specializ\u00e1ci\u00f3k pontos le\u00edr\u00e1sa megtal\u00e1lhat\u00f3\u00a0<a href=\"http:\/\/www.vik.bme.hu\/hallgatoknak\/mesterkepzes\/gazdinfo\/\" target=\"_blank\" rel=\"noreferrer noopener\">a kar honlapj\u00e1n<\/a>, illetve tov\u00e1bbi inform\u00e1ci\u00f3k\u00a0<a href=\"http:\/\/www.gain.bme.hu\/\" target=\"_blank\" rel=\"noreferrer noopener\">a szak honlapj\u00e1n<\/a>\u00a0tal\u00e1lhat\u00f3k.<\/p>\n\n\n\n<h2 class=\"wp-block-heading\"><\/h2>\n\n\n\n<div style=\"height:16px\" aria-hidden=\"true\" class=\"wp-block-spacer\"><\/div>\n<\/div>\n<\/div>\n","protected":false},"excerpt":{"rendered":"<p>A t\u0151zsde \u00e9s bank vil\u00e1gban, a gazdas\u00e1gi d\u00f6nt\u00e9sek t\u00e1mogat\u00e1s\u00e1ban az informatika elhagyhatatlan szerepl\u0151. E szak a kar BSc k\u00e9pz\u00e9seinek egy lehets\u00e9ges MSc szint\u0171 folytat\u00e1sa. A k\u00e9pz\u00e9s c\u00e9ljai, tanterv \u00e9s a specializ\u00e1ci\u00f3k \u00e1ttekint\u00e9se, a jelentkez\u00e9s felt\u00e9telei. A Gazdas\u00e1ginformatikus mesterk\u00e9pz\u00e9s a Kar legfiatalabb szaka, amelyet a Gazdas\u00e1gi \u00e9s T\u00e1rsadalomtudom\u00e1nyi Karral egy\u00fcttm\u0171k\u00f6dve tart. B\u00e1r egy \u00fajonnan indult k\u00e9pz\u00e9sr\u0151l [&hellip;]<\/p>\n","protected":false},"author":1,"featured_media":0,"parent":0,"menu_order":0,"comment_status":"closed","ping_status":"closed","template":"","meta":{"footnotes":""},"class_list":["post-162","page","type-page","status-publish","hentry"],"_links":{"self":[{"href":"https:\/\/felvi-teszt.vik.bme.hu\/index.php\/wp-json\/wp\/v2\/pages\/162","targetHints":{"allow":["GET"]}}],"collection":[{"href":"https:\/\/felvi-teszt.vik.bme.hu\/index.php\/wp-json\/wp\/v2\/pages"}],"about":[{"href":"https:\/\/felvi-teszt.vik.bme.hu\/index.php\/wp-json\/wp\/v2\/types\/page"}],"author":[{"embeddable":true,"href":"https:\/\/felvi-teszt.vik.bme.hu\/index.php\/wp-json\/wp\/v2\/users\/1"}],"replies":[{"embeddable":true,"href":"https:\/\/felvi-teszt.vik.bme.hu\/index.php\/wp-json\/wp\/v2\/comments?post=162"}],"version-history":[{"count":2,"href":"https:\/\/felvi-teszt.vik.bme.hu\/index.php\/wp-json\/wp\/v2\/pages\/162\/revisions"}],"predecessor-version":[{"id":176,"href":"https:\/\/felvi-teszt.vik.bme.hu\/index.php\/wp-json\/wp\/v2\/pages\/162\/revisions\/176"}],"wp:attachment":[{"href":"https:\/\/felvi-teszt.vik.bme.hu\/index.php\/wp-json\/wp\/v2\/media?parent=162"}],"curies":[{"name":"wp","href":"https:\/\/api.w.org\/{rel}","templated":true}]}}