{"id":150,"date":"2024-07-02T13:18:16","date_gmt":"2024-07-02T13:18:16","guid":{"rendered":"https:\/\/felvi-teszt.vik.bme.hu\/?page_id=150"},"modified":"2024-07-02T13:21:29","modified_gmt":"2024-07-02T13:21:29","slug":"msc-mernokinformatikus","status":"publish","type":"page","link":"https:\/\/felvi-teszt.vik.bme.hu\/index.php\/msc-mernokinformatikus\/","title":{"rendered":"MSc M\u00e9rn\u00f6kinformatikus"},"content":{"rendered":"\n<div class=\"wp-block-group alignfull has-base-color has-contrast-background-color has-text-color has-background has-global-padding is-layout-constrained wp-container-core-group-is-layout-5ef3a871 wp-block-group-is-layout-constrained\" style=\"margin-top:0;margin-bottom:0;padding-top:var(--wp--preset--spacing--20);padding-right:var(--wp--preset--spacing--60);padding-bottom:var(--wp--preset--spacing--20);padding-left:var(--wp--preset--spacing--60)\">\n<div class=\"wp-block-group has-global-padding is-layout-constrained wp-block-group-is-layout-constrained\">\n<p style=\"margin-top:var(--wp--preset--spacing--20);margin-bottom:var(--wp--preset--spacing--20)\"><strong><strong>A kar m\u00e9rn\u00f6kinformatikus k\u00e9pz\u00e9s\u00e9nek folytat\u00e1sa MSc szinten els\u0151sorban szakir\u00e1nyspecifikus elm\u00e9leti \u00e9s gyakorlati ismeretek oktat\u00e1s\u00e1ra f\u00f3kusz\u00e1l. A k\u00e9pz\u00e9s c\u00e9ljai, tanterv \u00e9s a szakir\u00e1nyok \u00e1ttekint\u00e9se, a jelentkez\u00e9s felt\u00e9telei.<\/strong><\/strong><\/p>\n\n\n\n<figure class=\"wp-block-image size-full is-style-rounded is-style-rounded--1\"><img loading=\"lazy\" decoding=\"async\" width=\"1699\" height=\"1139\" src=\"http:\/\/felvi-teszt.vik.bme.hu\/wp-content\/uploads\/2024\/07\/MSc_mernokinfo.jpg\" alt=\"\" class=\"wp-image-157\"\/><\/figure>\n\n\n\n<p style=\"margin-top:var(--wp--preset--spacing--20);margin-bottom:var(--wp--preset--spacing--20)\"><\/p>\n\n\n\n<p>A m\u00e9rn\u00f6kinformatikus mesterk\u00e9pz\u00e9s megteremti a lehet\u0151s\u00e9get, hogy az alapk\u00e9pz\u00e9st k\u00f6vet\u0151en elm\u00e9ly\u00edthesd az ismereteidet az informatika egy v\u00e1lasztott ter\u00fclet\u00e9n, \u00fagy hogy k\u00f6zben az ehhez sz\u00fcks\u00e9ges matematikai \u00e9s szakmai alapismereteket is elsaj\u00e1t\u00edtsd. Els\u0151sorban, de nem kiz\u00e1r\u00f3lag, m\u00e9rn\u00f6k informatikus alapk\u00e9pz\u00e9sen v\u00e9gzettek sz\u00e1m\u00e1ra aj\u00e1nlott a szak.<\/p>\n\n\n\n<p>A hallgat\u00f3k r\u00f6gt\u00f6n a felv\u00e9telt k\u00f6vet\u0151en specializ\u00e1ci\u00f3ra ker\u00fclnek, amely meghat\u00e1rozza, hogy mely ter\u00fcletre szeretn\u00e9k els\u0151sorban specializ\u00e1l\u00f3dni. Az elm\u00e9leti t\u00e1rgyak mellett fontos szerepet t\u00f6ltenek be az itt tanultakat alkalmaz\u00f3 gyakorlatok, laborok. A f\u0151specializ\u00e1ci\u00f3 mellett a k\u00f6telez\u0151en v\u00e1laszthat\u00f3 mell\u00e9kspecializ\u00e1ci\u00f3k tov\u00e1bbi elm\u00e9ly\u00fcl\u00e9st tesznek lehet\u0151v\u00e9. Csak t\u0151led f\u00fcgg, hogy a specializ\u00e1ci\u00f3 keret\u00e9ben tanultakat szeretn\u00e9d kib\u0151v\u00edteni egy kapcsol\u00f3d\u00f3, de j\u00f3l k\u00f6r\u00fclhat\u00e1rolt anyaggal, vagy egy teljesen m\u00e1s ter\u00fcletbe k\u00f3stoln\u00e1l bele ink\u00e1bb.<\/p>\n\n\n\n<p>A n\u00e9gy f\u00e9l\u00e9ves k\u00e9pz\u00e9s sor\u00e1n nagy hangs\u00falyt kap az <strong>\u00f6n\u00e1ll\u00f3<\/strong>&nbsp;\u2013&nbsp;<strong>konzulens \u00e1ltal seg\u00edtett<\/strong>&nbsp;\u00e9s figyelemmel k\u00f6vetett \u2013&nbsp;<strong>munka<\/strong>. Az \u00f6n\u00e1ll\u00f3 laborat\u00f3rium illetve diplomatervez\u00e9s keret\u00e9ben lehet\u0151s\u00e9get kapnak r\u00e1 az itt tanul\u00f3k, hogy bekapcsol\u00f3djanak specializ\u00e1ci\u00f3juk t\u00e9mater\u00fclet\u00e9nek aktu\u00e1lis kutat\u00e1si, fejleszt\u00e9si projektjeibe is. Emellett egy legal\u00e1bb 4 hetes szakmai gyakorlaton is r\u00e9szt kell venned, v\u00e1laszt\u00e1st\u00f3l f\u00fcgg\u0151en vagy egy ipari c\u00e9gn\u00e9l vagy szint\u00e9n egy kari projektben.<\/p>\n\n\n\n<p>A diploma megszerz\u00e9s\u00e9t k\u00f6vet\u0151en vagy kil\u00e9psz a munka vil\u00e1g\u00e1ba, \u00e9s v\u00e1lasztasz a sz\u00e1mtalan k\u00edn\u00e1lkoz\u00f3 munkalehet\u0151s\u00e9g k\u00f6z\u00fcl, vagy folytatod tanulm\u00e1nyaidat a PhD (doktori) k\u00e9pz\u00e9sben, esetleg egy m\u00e1sik MSc szakon.<\/p>\n\n\n\n<p class=\"has-link-color wp-elements-420fee0430ea61ea75a97e680a9942ce\" style=\"padding-top:var(--wp--preset--spacing--20)\">A m\u00e9rn\u00f6k informatikus Msc k\u00e9pz\u00e9sre jelentkez\u0151k 5 f\u0151- \u00e9s 8 mell\u00e9k<a href=\"http:\/\/spec.vik.bme.hu\/\" target=\"_blank\" rel=\"noreferrer noopener\">specializ\u00e1ci\u00f3<\/a> k\u00f6z\u00fcl v\u00e1laszthatnak egyet-egyet, \u00e9rdekl\u0151d\u00e9s\u00fcknek megfelel\u0151en:<\/p>\n\n\n\n<p style=\"margin-top:var(--wp--preset--spacing--10);margin-bottom:var(--wp--preset--spacing--10)\">F\u0151specializ\u00e1ci\u00f3k:<\/p>\n\n\n\n<ul class=\"wp-block-list\">\n<li>Adattudom\u00e1ny \u00e9s mesters\u00e9ges intelligencia<\/li>\n\n\n\n<li>Internetarchitekt\u00fara \u00e9s felh\u0151szolg\u00e1ltat\u00e1sok<\/li>\n\n\n\n<li>IT biztons\u00e1g<\/li>\n\n\n\n<li>Szoftverfejleszt\u00e9s<\/li>\n\n\n\n<li>Vizu\u00e1lis informatika<\/li>\n<\/ul>\n\n\n\n<p style=\"margin-top:var(--wp--preset--spacing--10);margin-bottom:var(--wp--preset--spacing--10)\">Mell\u00e9kspecializ\u00e1ci\u00f3k:<\/p>\n\n\n\n<ul class=\"wp-block-list\">\n<li>Energetikai informatika<\/li>\n\n\n\n<li>Felhaszn\u00e1l\u00f3i \u00e9lm\u00e9ny \u2013 UX \u00e9s interakci\u00f3<\/li>\n\n\n\n<li>Felh\u0151alap\u00fa elosztott rendszerek<\/li>\n\n\n\n<li>Kritikus rendszerek<\/li>\n\n\n\n<li>Kvantuminformatika<\/li>\n\n\n\n<li>Mobilszoftver-fejleszt\u00e9s<\/li>\n\n\n\n<li>Sz\u00e1m\u00edt\u00e1selm\u00e9let<\/li>\n\n\n\n<li>Szenzorrendszerek<\/li>\n<\/ul>\n\n\n\n<h3 class=\"wp-block-heading has-base-color has-text-color has-link-color wp-elements-ad48a6fe6217545f87a4f3b708a1f504\"><\/h3>\n\n\n\n<p class=\"has-link-color wp-elements-4c3f4f88ad1c38aae620954c678275ce\" style=\"margin-top:var(--wp--preset--spacing--20);margin-bottom:var(--wp--preset--spacing--20)\">A m\u00e9rn\u00f6k informatikus mesterszak r\u00e9szletes tanterve, a specializ\u00e1ci\u00f3k pontos le\u00edr\u00e1sa megtal\u00e1lhat\u00f3&nbsp;<a href=\"https:\/\/www.vik.bme.hu\/page\/1280\/\" target=\"_blank\" rel=\"noreferrer noopener\">a kar honlapj\u00e1n<\/a>.<\/p>\n\n\n\n<h2 class=\"wp-block-heading\"><\/h2>\n\n\n\n<div style=\"height:16px\" aria-hidden=\"true\" class=\"wp-block-spacer\"><\/div>\n<\/div>\n<\/div>\n","protected":false},"excerpt":{"rendered":"<p>A kar m\u00e9rn\u00f6kinformatikus k\u00e9pz\u00e9s\u00e9nek folytat\u00e1sa MSc szinten els\u0151sorban szakir\u00e1nyspecifikus elm\u00e9leti \u00e9s gyakorlati ismeretek oktat\u00e1s\u00e1ra f\u00f3kusz\u00e1l. A k\u00e9pz\u00e9s c\u00e9ljai, tanterv \u00e9s a szakir\u00e1nyok \u00e1ttekint\u00e9se, a jelentkez\u00e9s felt\u00e9telei. A m\u00e9rn\u00f6kinformatikus mesterk\u00e9pz\u00e9s megteremti a lehet\u0151s\u00e9get, hogy az alapk\u00e9pz\u00e9st k\u00f6vet\u0151en elm\u00e9ly\u00edthesd az ismereteidet az informatika egy v\u00e1lasztott ter\u00fclet\u00e9n, \u00fagy hogy k\u00f6zben az ehhez sz\u00fcks\u00e9ges matematikai \u00e9s szakmai alapismereteket is [&hellip;]<\/p>\n","protected":false},"author":1,"featured_media":0,"parent":0,"menu_order":0,"comment_status":"closed","ping_status":"closed","template":"","meta":{"footnotes":""},"class_list":["post-150","page","type-page","status-publish","hentry"],"_links":{"self":[{"href":"https:\/\/felvi-teszt.vik.bme.hu\/index.php\/wp-json\/wp\/v2\/pages\/150","targetHints":{"allow":["GET"]}}],"collection":[{"href":"https:\/\/felvi-teszt.vik.bme.hu\/index.php\/wp-json\/wp\/v2\/pages"}],"about":[{"href":"https:\/\/felvi-teszt.vik.bme.hu\/index.php\/wp-json\/wp\/v2\/types\/page"}],"author":[{"embeddable":true,"href":"https:\/\/felvi-teszt.vik.bme.hu\/index.php\/wp-json\/wp\/v2\/users\/1"}],"replies":[{"embeddable":true,"href":"https:\/\/felvi-teszt.vik.bme.hu\/index.php\/wp-json\/wp\/v2\/comments?post=150"}],"version-history":[{"count":6,"href":"https:\/\/felvi-teszt.vik.bme.hu\/index.php\/wp-json\/wp\/v2\/pages\/150\/revisions"}],"predecessor-version":[{"id":158,"href":"https:\/\/felvi-teszt.vik.bme.hu\/index.php\/wp-json\/wp\/v2\/pages\/150\/revisions\/158"}],"wp:attachment":[{"href":"https:\/\/felvi-teszt.vik.bme.hu\/index.php\/wp-json\/wp\/v2\/media?parent=150"}],"curies":[{"name":"wp","href":"https:\/\/api.w.org\/{rel}","templated":true}]}}