{"id":145,"date":"2024-07-02T13:16:56","date_gmt":"2024-07-02T13:16:56","guid":{"rendered":"https:\/\/felvi-teszt.vik.bme.hu\/?page_id=145"},"modified":"2024-07-02T13:22:26","modified_gmt":"2024-07-02T13:22:26","slug":"msc-villamosmernok","status":"publish","type":"page","link":"https:\/\/felvi-teszt.vik.bme.hu\/index.php\/msc-villamosmernok\/","title":{"rendered":"MSc Villamosm\u00e9rn\u00f6k"},"content":{"rendered":"\n<div class=\"wp-block-group alignfull has-base-color has-contrast-background-color has-text-color has-background has-global-padding is-layout-constrained wp-container-core-group-is-layout-5ef3a871 wp-block-group-is-layout-constrained\" style=\"margin-top:0;margin-bottom:0;padding-top:var(--wp--preset--spacing--20);padding-right:var(--wp--preset--spacing--60);padding-bottom:var(--wp--preset--spacing--20);padding-left:var(--wp--preset--spacing--60)\">\n<div class=\"wp-block-group has-global-padding is-layout-constrained wp-block-group-is-layout-constrained\">\n<p style=\"margin-top:var(--wp--preset--spacing--20);margin-bottom:var(--wp--preset--spacing--20)\"><strong>A kar villamosm\u00e9rn\u00f6k k\u00e9pz\u00e9s\u00e9nek folytat\u00e1sa MSc szinten els\u0151sorban a specifikus elm\u00e9leti \u00e9s gyakorlati ismeretek oktat\u00e1s\u00e1ra f\u00f3kusz\u00e1l. A k\u00e9pz\u00e9s c\u00e9ljai, tanterv \u00e9s a szakir\u00e1nyok \u00e1ttekint\u00e9se, a jelentkez\u00e9s felt\u00e9telei.<\/strong><\/p>\n\n\n\n<figure class=\"wp-block-image size-full is-style-rounded is-style-rounded--1\"><img loading=\"lazy\" decoding=\"async\" width=\"2041\" height=\"1227\" src=\"https:\/\/felvi-teszt.vik.bme.hu\/wp-content\/uploads\/2024\/07\/MSc_villamosmernok.jpg\" alt=\"\" class=\"wp-image-146\"\/><\/figure>\n\n\n\n<p style=\"margin-top:var(--wp--preset--spacing--20);margin-bottom:var(--wp--preset--spacing--20)\"><\/p>\n\n\n\n<p>A villamosm\u00e9rn\u00f6k mesterk\u00e9pz\u00e9s megteremti a lehet\u0151s\u00e9get, hogy az alapk\u00e9pz\u00e9st k\u00f6vet\u0151en&nbsp;<strong>elm\u00e9ly\u00edthesd az ismereteidet<\/strong>&nbsp;a villamosm\u00e9rn\u00f6ki tudom\u00e1nyok egy v\u00e1lasztott ter\u00fclet\u00e9n \u00fagy, hogy k\u00f6zben az ehhez sz\u00fcks\u00e9ges tov\u00e1bbi&nbsp;<strong>term\u00e9szettudom\u00e1nyos \u00e9s szakmai alapismereteket<\/strong>&nbsp;is elsaj\u00e1t\u00edtod, emiatt nem csak villamosm\u00e9rn\u00f6k alapk\u00e9pz\u00e9sen v\u00e9gzett hallgat\u00f3k sz\u00e1m\u00e1ra aj\u00e1nlott a szak.<\/p>\n\n\n\n<p>A hallgat\u00f3k r\u00f6gt\u00f6n a felv\u00e9telt k\u00f6vet\u0151en specializ\u00e1ci\u00f3ra ker\u00fclnek, amely meghat\u00e1rozza, hogy mely ter\u00fcleteken fognak igaz\u00e1n m\u00e9ly tud\u00e1st kapni. Az elm\u00e9leti t\u00e1rgyak mellett fontos szerepet t\u00f6ltenek be az itt tanultakat alkalmaz\u00f3 gyakorlatok, laborok. A f\u0151specializ\u00e1ci\u00f3 mellett a k\u00f6telez\u0151en v\u00e1laszthat\u00f3 mell\u00e9kspecializ\u00e1ci\u00f3k tov\u00e1bbi szakmai elm\u00e9ly\u00fcl\u00e9st tesznek lehet\u0151v\u00e9. Csak t\u0151led f\u00fcgg, hogy a specializ\u00e1ci\u00f3 keret\u00e9ben tanultakat szeretn\u00e9d kib\u0151v\u00edteni egy kapcsol\u00f3d\u00f3, de j\u00f3l k\u00f6r\u00fclhat\u00e1rolt anyaggal vagy egy teljesen m\u00e1s ter\u00fcletbe k\u00f3stoln\u00e1l bele ink\u00e1bb.<\/p>\n\n\n\n<p>Az elm\u00e9leti tud\u00e1s mellett nagy hangs\u00falyt kap azok gyakorlati alkalmaz\u00e1sa \u00e9s a k\u00e9szs\u00e9gek fejleszt\u00e9se. Erre els\u0151sorban az&nbsp;<strong>\u00f6n\u00e1ll\u00f3, konzulens \u00e1ltal t\u00e1mogatott munka<\/strong>&nbsp;ad lehet\u0151s\u00e9get. A k\u00e9pz\u00e9s mind a 4 f\u00e9l\u00e9v\u00e9ben tal\u00e1lhat\u00f3 ilyen jelleg\u0171 t\u00e1rgy, melynek keret\u00e9ben lehet\u0151s\u00e9get kapnak a tanul\u00f3k, hogy bekapcsol\u00f3djanak specializ\u00e1ci\u00f3juk t\u00e9mater\u00fclet\u00e9nek aktu\u00e1lis kutat\u00e1si-fejleszt\u00e9si projektjeibe is. Tov\u00e1bbi gyakorlati, ipari tapasztalatokat lehet szerezni a szakmai gyakorlat keret\u00e9ben, amelyet az egyetemen, vagy ak\u00e1r egy ipari v\u00e1llalatn\u00e1l is teljes\u00edthetsz.<\/p>\n\n\n\n<p>Diplom\u00e1z\u00e1s ut\u00e1n k\u00e9t f\u0151 csap\u00e1sir\u00e1ny k\u00f6z\u00fcl v\u00e1laszthatsz: folytathatod a tanulm\u00e1nyaidat PhD (doktori) k\u00e9pz\u00e9sben a BME doktori iskol\u00e1j\u00e1ban, esetleg egy m\u00e1sik mesterszakon, p\u00e9ld\u00e1ul eg\u00e9szs\u00e9g\u00fcgyi m\u00e9rn\u00f6k k\u00e9pz\u00e9sben. A m\u00e1sik lehet\u0151s\u00e9g, hogy a sz\u00e1mos k\u00edn\u00e1lkoz\u00f3 \u00e1ll\u00e1saj\u00e1nlat egyik\u00e9t v\u00e1lasztod, \u00e9s az iparban, gyakorlatban kamatoztatod a tanultakat.<\/p>\n\n\n\n<h3 class=\"wp-block-heading\"><\/h3>\n\n\n\n<p style=\"margin-top:var(--wp--preset--spacing--10);margin-bottom:var(--wp--preset--spacing--10)\">A Villamosm\u00e9rn\u00f6k MSc k\u00e9pz\u00e9sre jelentkez\u0151k 7 f\u0151- \u00e9s 10 mell\u00e9k<a href=\"http:\/\/spec.vik.bme.hu\/\" target=\"_blank\" rel=\"noreferrer noopener\">specializ\u00e1ci\u00f3<\/a> k\u00f6z\u00fcl v\u00e1laszthatnak egyet-egyet, \u00e9rdekl\u0151d\u00e9s\u00fcknek megfelel\u0151en:<\/p>\n\n\n\n<p style=\"margin-top:var(--wp--preset--spacing--20);margin-bottom:var(--wp--preset--spacing--20)\">F\u0151sepcializ\u00e1ci\u00f3k:<\/p>\n\n\n\n<ul class=\"wp-block-list\">\n<li>Sz\u00e1m\u00edt\u00f3g\u00e9p-alap\u00fa rendszerek<\/li>\n\n\n\n<li>Elektronikai rendszerintegr\u00e1ci\u00f3<\/li>\n\n\n\n<li>Intelligens h\u00e1l\u00f3zatok<\/li>\n\n\n\n<li>Vezet\u00e9kn\u00e9lk\u00fcli kommunik\u00e1ci\u00f3s rendszerek<\/li>\n\n\n\n<li>Ir\u00e1ny\u00edt\u00f3 \u00e9s l\u00e1t\u00f3rendszerek&nbsp;<\/li>\n\n\n\n<li>Intelligens be\u00e1gyazott rendszerek<\/li>\n\n\n\n<li>Villamosenergia-rendszerek&nbsp;<\/li>\n<\/ul>\n\n\n\n<p style=\"margin-top:var(--wp--preset--spacing--20);margin-bottom:var(--wp--preset--spacing--20)\">Mell\u00e9kspecializ\u00e1ci\u00f3k:<\/p>\n\n\n\n<ul class=\"wp-block-list\">\n<li>Alkalmazott elektronika<\/li>\n\n\n\n<li>Alkalmazott szenzorika<\/li>\n\n\n\n<li>E-mobilit\u00e1s<\/li>\n\n\n\n<li>\u00c9p\u00fcletvillamoss\u00e1g<\/li>\n\n\n\n<li>Akusztika \u00e9s hangtechnika<\/li>\n\n\n\n<li>Robotrendszerek<\/li>\n\n\n\n<li>Okos v\u00e1ros&nbsp;<\/li>\n\n\n\n<li>R\u00e1di\u00f3frekvenci\u00e1s zavarv\u00e9delem \u2013 EMC<\/li>\n\n\n\n<li>FPGA alap\u00fa rendszerek<\/li>\n\n\n\n<li>Z\u00f6ld Villamos Energetika<\/li>\n<\/ul>\n\n\n\n<h3 class=\"wp-block-heading\"><\/h3>\n\n\n\n<p class=\"has-link-color wp-elements-0cf1159fb23d675c4bf5008859334c20\" style=\"margin-top:var(--wp--preset--spacing--20);margin-bottom:var(--wp--preset--spacing--20)\">A villamosm\u00e9rn\u00f6k mesterszak r\u00e9szletes tanterve, a specializ\u00e1ci\u00f3k pontos le\u00edr\u00e1sa megtal\u00e1lhat\u00f3 a kar honlapj\u00e1n. <a href=\"https:\/\/www.vik.bme.hu\/page\/1278\/\" data-type=\"link\" data-id=\"https:\/\/www.vik.bme.hu\/page\/1278\/\">KLIKK!<\/a><\/p>\n\n\n\n<h2 class=\"wp-block-heading\"><\/h2>\n\n\n\n<div style=\"height:16px\" aria-hidden=\"true\" class=\"wp-block-spacer\"><\/div>\n<\/div>\n<\/div>\n","protected":false},"excerpt":{"rendered":"<p>A kar villamosm\u00e9rn\u00f6k k\u00e9pz\u00e9s\u00e9nek folytat\u00e1sa MSc szinten els\u0151sorban a specifikus elm\u00e9leti \u00e9s gyakorlati ismeretek oktat\u00e1s\u00e1ra f\u00f3kusz\u00e1l. A k\u00e9pz\u00e9s c\u00e9ljai, tanterv \u00e9s a szakir\u00e1nyok \u00e1ttekint\u00e9se, a jelentkez\u00e9s felt\u00e9telei. A villamosm\u00e9rn\u00f6k mesterk\u00e9pz\u00e9s megteremti a lehet\u0151s\u00e9get, hogy az alapk\u00e9pz\u00e9st k\u00f6vet\u0151en&nbsp;elm\u00e9ly\u00edthesd az ismereteidet&nbsp;a villamosm\u00e9rn\u00f6ki tudom\u00e1nyok egy v\u00e1lasztott ter\u00fclet\u00e9n \u00fagy, hogy k\u00f6zben az ehhez sz\u00fcks\u00e9ges tov\u00e1bbi&nbsp;term\u00e9szettudom\u00e1nyos \u00e9s szakmai alapismereteket&nbsp;is elsaj\u00e1t\u00edtod, [&hellip;]<\/p>\n","protected":false},"author":1,"featured_media":0,"parent":0,"menu_order":0,"comment_status":"closed","ping_status":"closed","template":"","meta":{"footnotes":""},"class_list":["post-145","page","type-page","status-publish","hentry"],"_links":{"self":[{"href":"https:\/\/felvi-teszt.vik.bme.hu\/index.php\/wp-json\/wp\/v2\/pages\/145","targetHints":{"allow":["GET"]}}],"collection":[{"href":"https:\/\/felvi-teszt.vik.bme.hu\/index.php\/wp-json\/wp\/v2\/pages"}],"about":[{"href":"https:\/\/felvi-teszt.vik.bme.hu\/index.php\/wp-json\/wp\/v2\/types\/page"}],"author":[{"embeddable":true,"href":"https:\/\/felvi-teszt.vik.bme.hu\/index.php\/wp-json\/wp\/v2\/users\/1"}],"replies":[{"embeddable":true,"href":"https:\/\/felvi-teszt.vik.bme.hu\/index.php\/wp-json\/wp\/v2\/comments?post=145"}],"version-history":[{"count":3,"href":"https:\/\/felvi-teszt.vik.bme.hu\/index.php\/wp-json\/wp\/v2\/pages\/145\/revisions"}],"predecessor-version":[{"id":159,"href":"https:\/\/felvi-teszt.vik.bme.hu\/index.php\/wp-json\/wp\/v2\/pages\/145\/revisions\/159"}],"wp:attachment":[{"href":"https:\/\/felvi-teszt.vik.bme.hu\/index.php\/wp-json\/wp\/v2\/media?parent=145"}],"curies":[{"name":"wp","href":"https:\/\/api.w.org\/{rel}","templated":true}]}}