{"id":132,"date":"2024-07-02T12:56:52","date_gmt":"2024-07-02T12:56:52","guid":{"rendered":"https:\/\/felvi-teszt.vik.bme.hu\/?page_id=132"},"modified":"2024-07-08T19:54:18","modified_gmt":"2024-07-08T19:54:18","slug":"msc-kepzeseink","status":"publish","type":"page","link":"https:\/\/felvi-teszt.vik.bme.hu\/index.php\/msc-kepzeseink\/","title":{"rendered":"MSc k\u00e9pz\u00e9seink"},"content":{"rendered":"\n<div class=\"wp-block-group alignwide has-global-padding is-layout-constrained wp-block-group-is-layout-constrained\">\n<h1 class=\"wp-block-heading alignwide has-large-font-size\" style=\"line-height:1.2\"><em>A Kar \u00f6t mesterszakot gondoz, melyek k\u00f6z\u00fcl a villamosm\u00e9rn\u00f6k MSc \u00e9s a m\u00e9rn\u00f6kinformatikus MSc a BSc k\u00e9pz\u00e9seink egyenes folytat\u00e1sa. A m\u00e1sik h\u00e1rom szakunk egy-egy napjainkban rendk\u00edv\u00fcli jelent\u0151s\u00e9ggel b\u00edr\u00f3 szakter\u00fcleten val\u00f3 munkav\u00e9gz\u00e9sre k\u00e9sz\u00edt fel. Ha valamely MSc szakunk elnyerte tetsz\u00e9sedet, olvasd el a jelentkez\u00e9s felt\u00e9teleit, \u00e9s hogy milyen idegen nyelv\u0171 k\u00e9pz\u00e9si lehet\u0151s\u00e9gek v\u00e1rnak r\u00e1d!<\/em><\/h1>\n\n\n\n<p><\/p>\n<\/div>\n\n\n\n<div class=\"wp-block-group alignfull has-global-padding is-layout-constrained wp-container-core-group-is-layout-8fa2000b wp-block-group-is-layout-constrained\" style=\"padding-top:var(--wp--preset--spacing--30);padding-right:var(--wp--preset--spacing--50);padding-bottom:0;padding-left:var(--wp--preset--spacing--50)\">\n<div class=\"wp-block-columns alignwide is-layout-flex wp-container-core-columns-is-layout-ff4b9c61 wp-block-columns-is-layout-flex\" style=\"margin-top:0;margin-bottom:0\">\n<div class=\"wp-block-column is-layout-flow wp-container-core-column-is-layout-8a368f38 wp-block-column-is-layout-flow\">\n<figure class=\"wp-block-image size-full is-resized is-style-rounded is-style-rounded--1\"><img loading=\"lazy\" decoding=\"async\" width=\"250\" height=\"250\" src=\"http:\/\/felvi-teszt.vik.bme.hu\/wp-content\/uploads\/2024\/07\/MSC_kepzes_1.jpg\" alt=\"\" class=\"wp-image-263\" style=\"width:auto;height:250px\"\/><\/figure>\n<\/div>\n\n\n\n<div class=\"wp-block-column is-layout-flow wp-container-core-column-is-layout-8736a895 wp-block-column-is-layout-flow\" style=\"padding-top:0\">\n<figure class=\"wp-block-image size-full is-resized is-style-rounded is-style-rounded--2\"><img loading=\"lazy\" decoding=\"async\" width=\"250\" height=\"250\" src=\"http:\/\/felvi-teszt.vik.bme.hu\/wp-content\/uploads\/2024\/07\/MSC_kepzes_2.jpg\" alt=\"\" class=\"wp-image-262\" style=\"width:auto;height:250px\"\/><\/figure>\n<\/div>\n\n\n\n<div class=\"wp-block-column is-layout-flow wp-container-core-column-is-layout-8a368f38 wp-block-column-is-layout-flow\">\n<figure class=\"wp-block-image size-full is-resized is-style-rounded is-style-rounded--3\"><img loading=\"lazy\" decoding=\"async\" width=\"250\" height=\"250\" src=\"http:\/\/felvi-teszt.vik.bme.hu\/wp-content\/uploads\/2024\/07\/MSC_kepzes_3.jpg\" alt=\"\" class=\"wp-image-261\" style=\"width:auto;height:250px\"\/><\/figure>\n<\/div>\n\n\n\n<div class=\"wp-block-column is-layout-flow wp-container-core-column-is-layout-8736a895 wp-block-column-is-layout-flow\" style=\"padding-top:0\">\n<figure class=\"wp-block-image size-full is-resized is-style-rounded is-style-rounded--4\"><img loading=\"lazy\" decoding=\"async\" width=\"250\" height=\"250\" src=\"http:\/\/felvi-teszt.vik.bme.hu\/wp-content\/uploads\/2024\/07\/MSC_kepzes_4.jpg\" alt=\"\" class=\"wp-image-264\" style=\"aspect-ratio:1;object-fit:cover;width:auto;height:250px\"\/><\/figure>\n<\/div>\n<\/div>\n\n\n\n<p class=\"has-heading-font-family has-large-font-size\" style=\"margin-top:var(--wp--preset--spacing--20);margin-bottom:var(--wp--preset--spacing--20)\"><strong>T\u00e1j\u00e9koz\u00f3dj az aktu\u00e1lis MSc felv\u00e9teli rendr\u0151l (\u00edr\u00e1sbeli felv\u00e9teli d\u0151pontok) az al\u00e1bbi oldalon: <a href=\"https:\/\/vik.bme.hu\/page\/501\/\">KATT!<\/a><br>Tov\u00e1bbi inform\u00e1ci\u00f3k\u00e9rt figyeld a <a href=\"https:\/\/vik.bme.hu\" data-type=\"link\" data-id=\"https:\/\/vik.bme.hu\">VIK honlapj\u00e1t<\/a>!<\/strong><\/p>\n\n\n\n<p class=\"has-heading-font-family has-large-font-size\" style=\"margin-top:var(--wp--preset--spacing--30)\">Az al\u00e1bbi linkeken el\u00e9rheted az MSc szakjaink r\u00e9szletes bemutat\u00f3j\u00e1t.<\/p>\n\n\n\n<p><\/p>\n\n\n\n<ul class=\"wp-block-list\">\n<li style=\"margin-top:var(--wp--preset--spacing--20);margin-right:0;margin-bottom:var(--wp--preset--spacing--20);margin-left:0;font-size:clamp(1.039rem, 1.039rem + ((1vw - 0.2rem) * 0.935), 1.6rem);\" class=\"has-heading-font-family\">MSc <a href=\"https:\/\/felvi-teszt.vik.bme.hu\/index.php\/msc-villamosmernok\/\" data-type=\"link\" data-id=\"https:\/\/felvi-teszt.vik.bme.hu\/index.php\/msc-villamosmernok\/\">VILLAMOSM\u00c9RN\u00d6K<\/a> | <a href=\"http:\/\/felvi-teszt.vik.bme.hu\/wp-content\/uploads\/2024\/07\/szak-1-VILLAMOS-compressed.pdf\" data-type=\"link\" data-id=\"http:\/\/felvi-teszt.vik.bme.hu\/wp-content\/uploads\/2024\/07\/szak-1-VILLAMOS-compressed.pdf\" target=\"_blank\" rel=\"noreferrer noopener\">FLYER<\/a><\/li>\n\n\n\n<li style=\"margin-top:var(--wp--preset--spacing--20);margin-right:0;margin-bottom:var(--wp--preset--spacing--20);margin-left:0;font-size:clamp(1.039rem, 1.039rem + ((1vw - 0.2rem) * 0.935), 1.6rem);\" class=\"has-heading-font-family\">MSc <a href=\"https:\/\/felvi-teszt.vik.bme.hu\/index.php\/msc-mernokinformatikus\/\" data-type=\"link\" data-id=\"https:\/\/felvi-teszt.vik.bme.hu\/index.php\/msc-mernokinformatikus\/\">M\u00c9RN\u00d6KINFORMATIKUS<\/a> | <a href=\"http:\/\/felvi-teszt.vik.bme.hu\/wp-content\/uploads\/2024\/07\/szak-2-MERNOK-INFORMATIKUS-compressed.pdf\" data-type=\"link\" data-id=\"http:\/\/felvi-teszt.vik.bme.hu\/wp-content\/uploads\/2024\/07\/szak-1-VILLAMOS-compressed.pdf\" target=\"_blank\" rel=\"noreferrer noopener\">FLYER<\/a><\/li>\n\n\n\n<li style=\"margin-top:var(--wp--preset--spacing--20);margin-right:0;margin-bottom:var(--wp--preset--spacing--20);margin-left:0;font-size:clamp(1.039rem, 1.039rem + ((1vw - 0.2rem) * 0.935), 1.6rem);\" class=\"has-heading-font-family\"><div id=\"elementor-tab-title-1742\" class=\"elementor-tab-title\" data-tab=\"2\" role=\"button\" aria-controls=\"elementor-tab-content-1742\" aria-expanded=\"false\">MSc <a href=\"https:\/\/felvi-teszt.vik.bme.hu\/index.php\/msc-egeszsegugyi-mernok\/\" data-type=\"link\" data-id=\"https:\/\/felvi-teszt.vik.bme.hu\/index.php\/msc-egeszsegugyi-mernok\/\">EG\u00c9SZS\u00c9G\u00dcGYI M\u00c9RN\u00d6K<\/a> | <a href=\"http:\/\/felvi-teszt.vik.bme.hu\/wp-content\/uploads\/2024\/07\/szak-3-EGESZSEGUGYI-MERNOK-compressed.pdf\" data-type=\"link\" data-id=\"http:\/\/felvi-teszt.vik.bme.hu\/wp-content\/uploads\/2024\/07\/szak-3-EGESZSEGUGYI-MERNOK-compressed.pdf\" target=\"_blank\" rel=\"noreferrer noopener\">FLYER<\/a><\/div><\/li>\n\n\n\n<li style=\"margin-top:var(--wp--preset--spacing--20);margin-right:0;margin-bottom:var(--wp--preset--spacing--20);margin-left:0;font-size:clamp(1.039rem, 1.039rem + ((1vw - 0.2rem) * 0.935), 1.6rem);\" class=\"has-heading-font-family\"><div id=\"elementor-tab-title-1742\" class=\"elementor-tab-title\" data-tab=\"2\" role=\"button\" aria-controls=\"elementor-tab-content-1742\" aria-expanded=\"false\">MSc <a href=\"https:\/\/felvi-teszt.vik.bme.hu\/index.php\/msc-gazdasaginformatikus\/\" data-type=\"link\" data-id=\"https:\/\/felvi-teszt.vik.bme.hu\/index.php\/msc-gazdasaginformatikus\/\">GAZDAS\u00c1GINFORMATIKUS<\/a> | <a href=\"http:\/\/felvi-teszt.vik.bme.hu\/wp-content\/uploads\/2024\/07\/szak-5-GAZDASAGINFORMATIKUS-compressed.pdf\" data-type=\"link\" data-id=\"http:\/\/felvi-teszt.vik.bme.hu\/wp-content\/uploads\/2024\/07\/szak-5-GAZDASAGINFORMATIKUS-compressed.pdf\" target=\"_blank\" rel=\"noreferrer noopener\">FLYER<\/a><\/div><\/li>\n\n\n\n<li style=\"margin-top:var(--wp--preset--spacing--20);margin-right:0;margin-bottom:var(--wp--preset--spacing--20);margin-left:0;font-size:clamp(1.039rem, 1.039rem + ((1vw - 0.2rem) * 0.935), 1.6rem);\" class=\"has-heading-font-family\"><div id=\"elementor-tab-title-1742\" class=\"elementor-tab-title\" data-tab=\"2\" role=\"button\" aria-controls=\"elementor-tab-content-1742\" aria-expanded=\"false\">MSc <a href=\"https:\/\/felvi-teszt.vik.bme.hu\/index.php\/msc-urmernok\/\" data-type=\"link\" data-id=\"https:\/\/felvi-teszt.vik.bme.hu\/index.php\/msc-urmernok\/\">\u0170RM\u00c9RN\u00d6K SZAK<\/a> | <a href=\"http:\/\/felvi-teszt.vik.bme.hu\/wp-content\/uploads\/2024\/07\/szak-4-URMERNOK-compressed.pdf\" data-type=\"link\" data-id=\"http:\/\/felvi-teszt.vik.bme.hu\/wp-content\/uploads\/2024\/07\/szak-4-URMERNOK-compressed.pdf\" target=\"_blank\" rel=\"noreferrer noopener\">FLYER<\/a><\/div><\/li>\n<\/ul>\n\n\n\n<p style=\"margin-bottom:var(--wp--preset--spacing--20)\">Az al\u00e1bbi seg\u00e9danyagokat az\u00e9rt szedt\u00fck \u00f6ssze, hogy t\u00e1j\u00e9koz\u00f3dhass a du\u00e1lis mesterk\u00e9pz\u00e9sr\u0151l, hogy tiszt\u00e1zd a javasolt felk\u00e9sz\u00fcl\u00e9s r\u00e9szleteit, \u00e9s az idegen nyelv\u0171 oktat\u00e1sba is bepillant\u00e1st nyerhess.<\/p>\n<\/div>\n\n\n\n<details class=\"wp-block-details is-layout-flow wp-block-details-is-layout-flow\" style=\"margin-top:var(--wp--preset--spacing--10);margin-bottom:var(--wp--preset--spacing--10)\"><summary>DU\u00c1LIS MESTERK\u00c9PZ\u00c9S<\/summary>\n<p style=\"margin-top:var(--wp--preset--spacing--10);margin-bottom:var(--wp--preset--spacing--10)\"><\/p>\n\n\n\n<p style=\"margin-top:var(--wp--preset--spacing--10);margin-bottom:var(--wp--preset--spacing--10)\"><strong><em>2017. febru\u00e1rt\u00f3l indult el \u2013 m\u0171szaki ter\u00fcleten haz\u00e1nkban els\u0151k\u00e9nt a villamosm\u00e9rn\u00f6ki szakon \u2013 a du\u00e1lis mesterk\u00e9pz\u00e9s a BME Villamosm\u00e9rn\u00f6ki \u00e9s Informatikai Kar\u00e1n, a villamosm\u00e9rn\u00f6ki szakon.<\/em><\/strong><\/p>\n\n\n\n<p>A du\u00e1lis k\u00e9pz\u00e9s l\u00e9nyege, hogy a k\u00e9pz\u00e9sben r\u00e9sztvev\u0151 hallgat\u00f3k az elm\u00e9letet az egyetem falai k\u00f6z\u00f6tt, a gyakorlati tud\u00e1st pedig az ipari\/szolg\u00e1ltat\u00f3i partner szakembereit\u0151l saj\u00e1t\u00edtj\u00e1k el. \u00cdgy a m\u00e9rn\u00f6ki p\u00e1ly\u00e1ra k\u00e9sz\u00fcl\u0151 hallgat\u00f3k m\u00e9g az egyetemi \u00e9vek alatt friss, a jelen munkaer\u0151piaca elv\u00e1r\u00e1sainak megfelel\u0151 gyakorlati tud\u00e1sra is szert tesznek, \u00e9s k\u00f6nnyebben is alkalmazkodnak a munkahelyi k\u00f6rnyezethez, elv\u00e1r\u00e1sokhoz.&nbsp;<strong>A du\u00e1lis MSc k\u00e9pz\u00e9sben r\u00e9szvev\u0151 hallgat\u00f3k el\u0151nyre tesznek szert szakmai karrierj\u00fck \u00e9p\u00edt\u00e9s\u00e9ben \u00e9s szakmai vezet\u0151i p\u00e1lyafut\u00e1suk megalapoz\u00e1s\u00e1ban.<\/strong><\/p>\n\n\n\n<p>R\u00e9szletek a <a href=\"https:\/\/www.vik.bme.hu\/hallgatoknak\/mesterkepzes\/dualis\/\">kar honlapj\u00e1n<\/a> tal\u00e1lhat\u00f3k!<\/p>\n\n\n\n<p><\/p>\n\n\n\n<h5 class=\"wp-block-heading\" style=\"margin-top:var(--wp--preset--spacing--10);margin-bottom:var(--wp--preset--spacing--10)\"><\/h5>\n<\/details>\n\n\n\n<details class=\"wp-block-details is-layout-flow wp-block-details-is-layout-flow\" style=\"margin-top:var(--wp--preset--spacing--10);margin-bottom:var(--wp--preset--spacing--10)\"><summary>FELV\u00c9TELI, JAVASOLT FELK\u00c9SZ\u00dcL\u00c9S<\/summary>\n<p style=\"margin-top:var(--wp--preset--spacing--10);margin-bottom:var(--wp--preset--spacing--10)\"><strong><em>Az MSc k\u00e9pz\u00e9sben val\u00f3 r\u00e9szv\u00e9tel sikeres felv\u00e9teli elj\u00e1r\u00e1shoz k\u00f6t\u00f6tt, melynek r\u00e9szleteit itt olvashatod. Ezen t\u00fal igyeksz\u00fcnk seg\u00edts\u00e9get ny\u00fajtani a megfelel\u0151 felk\u00e9sz\u00fcl\u00e9shez is.<\/em><\/strong><\/p>\n\n\n\n<p>A mesterk\u00e9pz\u00e9sbe t\u00f6rt\u00e9n\u0151 bel\u00e9p\u00e9s el\u0151zm\u00e9nyek\u00e9nt elfogadott szak els\u0151sorban az adott BSc alapszak. Egy\u00e9b \u2013 alapvet\u0151en m\u00e9rn\u00f6ki \u00e9s informatikus \u2013 alapszak eset\u00e9n is lehet\u0151s\u00e9g van jelentkezni, ha a meg\u00e1llap\u00edtott ismeretk\u00f6r\u00f6kben megfelel\u0151 sz\u00e1m\u00fa kredittel rendelkezel. A hi\u00e1nyz\u00f3 krediteket a k\u00e9pz\u00e9ssel p\u00e1rhuzamosan kell majd megszerezni.<\/p>\n\n\n\n<p>A legjobb hallgat\u00f3k beker\u00fcl\u00e9se \u00e9rdek\u00e9ben&nbsp;<strong>szakmai felv\u00e9teli vizsg\u00e1t<\/strong>&nbsp;kell tenni. A felv\u00e9teli pontsz\u00e1m ezen k\u00edv\u00fcl m\u00e9g hozott \u00e9s t\u00f6bblet pontokra \u00e9p\u00fcl (a vizsg\u00e1n szerzett pontsz\u00e1m dupl\u00e1zhat\u00f3). A felv\u00e9teli helyettes\u00edti a BSc z\u00e1r\u00f3vizsga bizonyos r\u00e9szeit is.<\/p>\n\n\n\n<p>A felv\u00e9teli rendszerr\u0151l, a jelentkez\u00e9s menet\u00e9r\u0151l, a mesterszakonk\u00e9nt sz\u00fcks\u00e9ges el\u0151ismeretekr\u0151l&nbsp;<strong>b\u0151vebb inform\u00e1ci\u00f3t<\/strong>&nbsp;\u00e9s felk\u00e9sz\u00fcl\u00e9st seg\u00edt\u0151 anyagokat&nbsp;<a href=\"https:\/\/www.vik.bme.hu\/hallgatoknak\/mesterkepzes\/jelentkezes\/\" target=\"_blank\" rel=\"noreferrer noopener\"><strong>a kar honlapj\u00e1n<\/strong><\/a>&nbsp;tal\u00e1lsz.<\/p>\n<\/details>\n\n\n\n<details class=\"wp-block-details is-layout-flow wp-block-details-is-layout-flow\" style=\"margin-top:var(--wp--preset--spacing--10);margin-bottom:var(--wp--preset--spacing--10)\"><summary>IDEGEN NYELV\u0170 K\u00c9PZ\u00c9S<\/summary>\n<p style=\"margin-top:var(--wp--preset--spacing--10);margin-bottom:var(--wp--preset--spacing--10)\"><em><strong>MSc szinten sz\u00e1mos tant\u00e1rgyat hallgathatsz idegen nyelven, egyes szakir\u00e1nyok oktat\u00e1sa kiz\u00e1r\u00f3lag angol nyelven folyik. Mindemellett jobbn\u00e1l jobb k\u00fclf\u00f6ldi \u00f6szt\u00f6nd\u00edj p\u00e1ly\u00e1zatok v\u00e1rnak r\u00e1d.<\/strong><\/em><\/p>\n\n\n\n<p>A m\u0171szaki vil\u00e1gban az \u00e9rt\u00e9kes diplom\u00e1hoz \u00e9s piack\u00e9pes tud\u00e1shoz&nbsp;<strong>elengedhetetlen legal\u00e1bb az angol nyelv<\/strong>&nbsp;magas szint\u0171 ismerete, melyet tov\u00e1bbi nyelvekkel kieg\u00e9sz\u00edtve m\u00e9g sz\u00e9lesebb lehet\u0151s\u00e9gek v\u00e1rnak r\u00e1d.<\/p>\n\n\n\n<p>Szerencs\u00e9re az egyetemen az&nbsp;<a href=\"http:\/\/www.nyi.bme.hu\/\" target=\"_blank\" rel=\"noreferrer noopener\"><strong>ingyenes nyelvoktat\u00e1s<\/strong><\/a>&nbsp;keret\u00e9ben a h\u00e9t legelterjedtebb nyelven, \u00f6t k\u00fcl\u00f6nb\u00f6z\u0151 szinten t\u00f6k\u00e9letes\u00edtheted a nyelvtud\u00e1sod, vagy ak\u00e1r egy teljesen \u00faj nyelvet is elkezdetsz az alapokt\u00f3l.<\/p>\n\n\n\n<p>Emellett, amennyiben m\u00e1r legal\u00e1bb egy k\u00f6z\u00e9pfok\u00fa, t\u00e1rsalg\u00e1si szint\u0171 nyelvtud\u00e1ssal rendelkezel, sz\u00e1mos k\u00fclf\u00f6ldi \u00f6szt\u00f6nd\u00edjprogramban vehetsz r\u00e9szt, ahol anyanyelvi k\u00f6rnyezetben, egyetemi tanulm\u00e1nyok vagy szakmai gyakorlat sor\u00e1n j\u00e1tszi k\u00f6nnyeds\u00e9ggel ragad r\u00e1d a szakma sz\u00f3kincse. Nem mell\u00e9kesen egy idegen orsz\u00e1g t\u00e1jaival, kult\u00far\u00e1j\u00e1val \u00e9s szok\u00e1saival is megismerkedhetsz a kint t\u00f6lt\u00f6tt f\u00e9l-egy \u00e9v sor\u00e1n. A k\u00fclf\u00f6ldi f\u00e9l\u00e9vek alatt a cserehallgat\u00f3k k\u00f6z\u00f6tt kialakult bar\u00e1ts\u00e1gok pedig \u00fajabb aprop\u00f3t teremthetnek Eur\u00f3pa \u00e9s a vil\u00e1g bebarangol\u00e1s\u00e1hoz.<\/p>\n\n\n\n<p>Az \u00f6szt\u00f6nd\u00edjprogramok k\u00f6z\u00fcl az&nbsp;<strong><a href=\"http:\/\/www.kth.bme.hu\/kulfoldi_reszkepzes\/erasmus_plus\/\" target=\"_blank\" rel=\"noreferrer noopener\">Erasmus di\u00e1kcsere program<\/a><\/strong>&nbsp;a legn\u00e9pszer\u0171bb \u00e9s legismertebb. Ennek keret\u00e9ben 17 eur\u00f3pai orsz\u00e1g egyetemein t\u00f6lthetsz el f\u00e9l-egy \u00e9vet, \u00e9s t\u00fal azon, hogy az ottani oktat\u00e1s ingyenes a sz\u00e1modra, az \u00f6szt\u00f6nd\u00edj m\u00e9g a kinn tart\u00f3zkod\u00e1s k\u00f6lts\u00e9geinek egy jelent\u0151s h\u00e1nyad\u00e1t is fedezi. Emellett a&nbsp;<a href=\"https:\/\/cwp.scholarship.hu\/\" target=\"_blank\" rel=\"noreferrer noopener\">Magyar \u00d6szt\u00f6nd\u00edj Bizotts\u00e1gnak<\/a>&nbsp;is vannak hasonl\u00f3 felt\u00e9telekkel ki\u00edrt \u00f6szt\u00f6nd\u00edjp\u00e1ly\u00e1zatai, szint\u00e9n els\u0151sorban eur\u00f3pai tanulm\u00e1nyokra.<\/p>\n\n\n\n<p>Ha enn\u00e9l messzebbre v\u00e1gyn\u00e1l, akkor v\u00e1logathatsz m\u00e9g az&nbsp;<strong>amerikai, jap\u00e1n \u00f6szt\u00f6nd\u00edjak<\/strong>&nbsp;k\u00f6z\u00fcl, a M\u0171egyetemnek \u00e9s a Villamosm\u00e9rn\u00f6ki \u00e9s Informatikai Karnak t\u00f6bb neves egyetemmel van kapcsolata ezen orsz\u00e1gokban, \u00fagyhogy amennyiben szeretn\u00e9l k\u00fclf\u00f6ld\u00f6n t\u00f6lteni egy f\u00e9l\u00e9vet, akkor ehhez minden lehet\u0151s\u00e9g adott.<\/p>\n\n\n\n<p>Ha nem szeretn\u00e9d elhagyni az egyetemet, akkor sem kell lemondanod az idegen nyelv\u0171 tanul\u00e1sr\u00f3l, mert b\u00e1r elt\u00e9r\u0151 rendszerben, de mind&nbsp;<strong>angol<\/strong>, mind&nbsp;<strong>n\u00e9met nyelv\u0171 k\u00e9pz\u00e9s<\/strong>&nbsp;zajlik a karon.<\/p>\n\n\n\n<p>N\u00e9met nyelv\u0171 k\u00e9pz\u00e9sre az els\u0151 \u00f6t f\u00e9l\u00e9v\u00e9ben van lehet\u0151s\u00e9ged BSc-n. Ekkor minden t\u00e1rgyat n\u00e9met nyelven hallgatnak a k\u00e9pz\u00e9sben tanul\u00f3k, \u00e9s n\u00e9met nyelven zajlanak a sz\u00e1monk\u00e9r\u00e9sek is, \u00e9ppen ez\u00e9rt elv\u00e1r\u00e1s a legal\u00e1bb k\u00f6z\u00e9pfok\u00fa nyelvvizsga. Az els\u0151 n\u00e9gy f\u00e9l\u00e9vet k\u00f6vet\u0151en a j\u00f3l teljes\u00edt\u0151 hallgat\u00f3knak lehet\u0151s\u00e9g\u00fck van egy f\u00e9l\u00e9vet a Karlsruhei Egyetemen elt\u00f6lteni, \u00e9s ezen fel\u00fcl ak\u00e1r ott \u00edrni a diplomamunk\u00e1t, vagy az egyetemmel kapcsolatban \u00e1ll\u00f3 n\u00e9met c\u00e9gekn\u00e9l v\u00e9gezni a szakmai gyakorlatot. Ennek a k\u00e9pz\u00e9snek egy minisite-ot is k\u00e9sz\u00edtett\u00fcnk, itt tudod \u00e1tb\u00f6ng\u00e9szni:&nbsp;<a href=\"http:\/\/nemet.vik.bme.hu\/\" target=\"_blank\" rel=\"noreferrer noopener\">KATT!<\/a><\/p>\n\n\n\n<p>Az angol nyelv\u0171 k\u00e9pz\u00e9s teljes eg\u00e9sz\u00e9ben itt zajlik a BME-n, BSc szinten els\u0151sorban a k\u00fclf\u00f6ldi hallgat\u00f3k sz\u00e1m\u00e1ra, t\u00e9r\u00edt\u00e9ses form\u00e1ban, amelybe a magyar k\u00e9pz\u00e9sen r\u00e9sztvev\u0151knek is lehet\u0151s\u00e9g\u00fck van bekapcsol\u00f3dni \u00e9s n\u00e9h\u00e1ny t\u00e1rgyat angol nyelven tanulni. K\u00e9s\u0151bb, MSc k\u00e9pz\u00e9sben enn\u00e9l nagyobb teret kap az angol nyelv\u0171 oktat\u00e1s.<\/p>\n\n\n\n<p>\u00d6sszess\u00e9g\u00e9ben l\u00e1that\u00f3, hogy szinte korl\u00e1tlan sz\u00e1m\u00fa lehet\u0151s\u00e9g van idegen nyelveket tanulni, gyakorolni az egyetemi \u00e9vek sor\u00e1n, pedig a lista m\u00e9g kor\u00e1ntsem teljes. Ennek k\u00f6sz\u00f6nhet\u0151en mindenki megtal\u00e1lja azt, ami legink\u00e1bb megfelel az elk\u00e9pzel\u00e9seinek.<\/p>\n<\/details>\n","protected":false},"excerpt":{"rendered":"<p>A Kar \u00f6t mesterszakot gondoz, melyek k\u00f6z\u00fcl a villamosm\u00e9rn\u00f6k MSc \u00e9s a m\u00e9rn\u00f6kinformatikus MSc a BSc k\u00e9pz\u00e9seink egyenes folytat\u00e1sa. A m\u00e1sik h\u00e1rom szakunk egy-egy napjainkban rendk\u00edv\u00fcli jelent\u0151s\u00e9ggel b\u00edr\u00f3 szakter\u00fcleten val\u00f3 munkav\u00e9gz\u00e9sre k\u00e9sz\u00edt fel. Ha valamely MSc szakunk elnyerte tetsz\u00e9sedet, olvasd el a jelentkez\u00e9s felt\u00e9teleit, \u00e9s hogy milyen idegen nyelv\u0171 k\u00e9pz\u00e9si lehet\u0151s\u00e9gek v\u00e1rnak r\u00e1d! T\u00e1j\u00e9koz\u00f3dj az [&hellip;]<\/p>\n","protected":false},"author":1,"featured_media":0,"parent":0,"menu_order":0,"comment_status":"closed","ping_status":"closed","template":"","meta":{"footnotes":""},"class_list":["post-132","page","type-page","status-publish","hentry"],"_links":{"self":[{"href":"https:\/\/felvi-teszt.vik.bme.hu\/index.php\/wp-json\/wp\/v2\/pages\/132","targetHints":{"allow":["GET"]}}],"collection":[{"href":"https:\/\/felvi-teszt.vik.bme.hu\/index.php\/wp-json\/wp\/v2\/pages"}],"about":[{"href":"https:\/\/felvi-teszt.vik.bme.hu\/index.php\/wp-json\/wp\/v2\/types\/page"}],"author":[{"embeddable":true,"href":"https:\/\/felvi-teszt.vik.bme.hu\/index.php\/wp-json\/wp\/v2\/users\/1"}],"replies":[{"embeddable":true,"href":"https:\/\/felvi-teszt.vik.bme.hu\/index.php\/wp-json\/wp\/v2\/comments?post=132"}],"version-history":[{"count":12,"href":"https:\/\/felvi-teszt.vik.bme.hu\/index.php\/wp-json\/wp\/v2\/pages\/132\/revisions"}],"predecessor-version":[{"id":307,"href":"https:\/\/felvi-teszt.vik.bme.hu\/index.php\/wp-json\/wp\/v2\/pages\/132\/revisions\/307"}],"wp:attachment":[{"href":"https:\/\/felvi-teszt.vik.bme.hu\/index.php\/wp-json\/wp\/v2\/media?parent=132"}],"curies":[{"name":"wp","href":"https:\/\/api.w.org\/{rel}","templated":true}]}}