{"id":104,"date":"2024-07-02T12:15:04","date_gmt":"2024-07-02T12:15:04","guid":{"rendered":"https:\/\/felvi-teszt.vik.bme.hu\/?page_id=104"},"modified":"2024-07-03T12:52:16","modified_gmt":"2024-07-03T12:52:16","slug":"bsc-mernokinformatikus","status":"publish","type":"page","link":"https:\/\/felvi-teszt.vik.bme.hu\/index.php\/bsc-mernokinformatikus\/","title":{"rendered":"BSc M\u00e9rn\u00f6kinformatikus"},"content":{"rendered":"\n<div class=\"wp-block-group alignfull has-global-padding is-layout-constrained wp-container-core-group-is-layout-65084e8e wp-block-group-is-layout-constrained\" style=\"padding-top:var(--wp--preset--spacing--30);padding-right:var(--wp--preset--spacing--50);padding-bottom:var(--wp--preset--spacing--30);padding-left:var(--wp--preset--spacing--50)\">\n<div class=\"wp-block-group has-global-padding is-layout-constrained wp-container-core-group-is-layout-650790e1 wp-block-group-is-layout-constrained\">\n<h1 class=\"wp-block-heading has-text-align-left has-large-font-size\"><em><strong>R\u00f6vid \u00e1ttekint\u00e9s a Kar BSc szint\u0171 m\u00e9rn\u00f6kinformatikus k\u00e9pz\u00e9s\u00e9r\u0151l, a k\u00e9pz\u00e9s c\u00e9lj\u00e1r\u00f3l \u00e9s fel\u00e9p\u00edt\u00e9s\u00e9r\u0151l, a megszerezhet\u0151 ismeretekr\u0151l.<\/strong><\/em><\/h1>\n\n\n\n<div style=\"height:1.25rem\" aria-hidden=\"true\" class=\"wp-block-spacer\"><\/div>\n\n\n\n<p>A m\u00e9rn\u00f6kinformatikus szak egyike a Magyarorsz\u00e1gon tal\u00e1lhat\u00f3 h\u00e1rom informatikus egyetemi szaknak (m\u00e9rn\u00f6kinformatikus, programtervez\u0151 informatikus \u00e9s gazdas\u00e1gi informatikus). A villamosm\u00e9rn\u00f6ki szakm\u00e1b\u00f3l n\u0151tte ki mag\u00e1t, \u00edgy a m\u00e1sik k\u00e9t szakkal ellent\u00e9tben a tanterv&nbsp;<strong>mag\u00e1n hordozza a m\u00e9rn\u00f6ks\u00e9g jegyeit<\/strong>. Az itt v\u00e9gz\u0151 egyetemist\u00e1k nemcsak alkalmaz\u00f3i, hanem&nbsp;<strong>kutat\u00f3i \u00e9s fejleszt\u0151i k\u00e9pess\u00e9gekkel is<\/strong>&nbsp;felszerelkeznek.<\/p>\n\n\n\n<p><\/p>\n\n\n\n<p style=\"margin-top:var(--wp--preset--spacing--10);margin-bottom:var(--wp--preset--spacing--10)\">Mivel az informatika napjaink egyik&nbsp;<strong>legdinamikusabban fejl\u0151d\u0151<\/strong>&nbsp;ipari ter\u00fclete, ez\u00e9rt az ide jelentkez\u0151k sz\u00e1m\u00e1ra k\u00e9t dolog garant\u00e1lt, egyr\u00e9szt a felt\u00f6rekv\u0151 hazai Inform\u00e1ci\u00f3technol\u00f3giai (IT) szektor felsz\u00edv\u00f3 ereje miatt v\u00e9gz\u00e9s ut\u00e1n biztos az&nbsp;azonnali&nbsp; elhelyezked\u00e9s, m\u00e1sr\u00e9szt a technol\u00f3gi\u00e1k folyamatos meg\u00fajul\u00e1sa miatt itt senki nem j\u00e1rhat \u00fagy, hogy \u00e9vek m\u00falt\u00e1n belef\u00e1sul a munk\u00e1j\u00e1ba, hiszen mindig \u00fajabb \u00e9s \u00fajabb kih\u00edv\u00e1sokkal tal\u00e1lja mag\u00e1t szembe.<\/p>\n\n\n\n<p>A term\u00e9szettudom\u00e1nyos alapismeretek megszerz\u00e9s\u00e9n t\u00fal az itt tanul\u00f3k t\u00f6bb nyelven \u00e9s k\u00f6rnyezetben is megtanulnak programozni. Ezen k\u00edv\u00fcl term\u00e9szetesen megismerik a <strong>komplex szoftverrendszerek<\/strong>&nbsp;tervez\u00e9s\u00e9nek m\u00f3dszereit ugyan\u00fagy, mint a&nbsp;<strong>mesters\u00e9ges intelligencia<\/strong>&nbsp;alapjait. A t\u00f6bbi informatikus k\u00e9pz\u00e9ssel ellent\u00e9tben itt a \u201ehardveres\u201d r\u00e9szekre is sz\u00e1nnak id\u0151t (elektronika, digit\u00e1lis technika \u2026), \u00edgy a 7. f\u00e9l\u00e9v v\u00e9g\u00e9re \u00f6ssze\u00e1ll a k\u00e9p, hogy hogyan lesz a tranzisztor \u00e1ram\u00e1b\u00f3l&nbsp;<strong>3 dimenzi\u00f3s grafika<\/strong>. A frissen megszerzett tud\u00e1sodat m\u00e9g az egyetem keretei k\u00f6z\u00f6tt kipr\u00f3b\u00e1lhatod. Az \u00f6n\u00e1ll\u00f3 laborat\u00f3rium \u00e9s a szakdolgozat tant\u00e1rgyak keret\u00e9ben egy \u00e1ltalad v\u00e1lasztott komplett informatikai feladatot kell megoldanod \u00fagy, mintha egy c\u00e9gn\u00e9l dolgozn\u00e1l. Ez m\u00e9gsem jelenti azt, hogy teljesen elengedi a kezed az egyetem, minden t\u00e9m\u00e1hoz tartozik egy oktat\u00f3 \u2013 a konzulens \u2013 aki k\u00e9szs\u00e9gesen v\u00e1laszol minden k\u00e9rd\u00e9sedre, \u00e9s \u00e1tseg\u00edt a neh\u00e9zs\u00e9geken.<\/p>\n\n\n\n<p><\/p>\n\n\n\n<p style=\"margin-top:var(--wp--preset--spacing--10)\">A r\u00e9szletes tanterv megtal\u00e1lhat\u00f3&nbsp;<a href=\"https:\/\/www.vik.bme.hu\/page\/800\/\" target=\"_blank\" rel=\"noreferrer noopener\">a kar honlapj\u00e1n<\/a>, ahol szerepel az \u00f6sszes t\u00e1rgy tematik\u00e1ja is.<\/p>\n\n\n\n<p><\/p>\n\n\n\n<p style=\"margin-top:var(--wp--preset--spacing--10)\">Az itt v\u00e9gzettek term\u00e9szetesen folytathatj\u00e1k tanulm\u00e1nyaikat a kar&nbsp;<a href=\"https:\/\/felvi.vik.bme.hu\/msc-kepzes\/\" target=\"_blank\" rel=\"noreferrer noopener\">m\u00e9rn\u00f6kinformatikus MSc<\/a>&nbsp;k\u00e9pz\u00e9s\u00e9n, de a gazdas\u00e1gi \u00e9rdekl\u0151d\u00e9s\u0171ek ak\u00e1r a&nbsp;<a href=\"https:\/\/felvi.vik.bme.hu\/msc-kepzes\/\" target=\"_blank\" rel=\"noreferrer noopener\">gazdas\u00e1ginformatikus MSc<\/a>&nbsp;k\u00e9pz\u00e9sre is jelentkezhetnek.<\/p>\n\n\n\n<div style=\"height:1.25rem\" aria-hidden=\"true\" class=\"wp-block-spacer\"><\/div>\n\n\n\n<div class=\"wp-block-buttons is-content-justification-center is-layout-flex wp-container-core-buttons-is-layout-a89b3969 wp-block-buttons-is-layout-flex\"><\/div>\n<\/div>\n\n\n\n<div style=\"height:var(--wp--preset--spacing--30)\" aria-hidden=\"true\" class=\"wp-block-spacer\"><\/div>\n\n\n\n<figure class=\"wp-block-image alignwide size-full is-style-rounded is-style-rounded--1\"><img loading=\"lazy\" decoding=\"async\" width=\"2042\" height=\"1205\" src=\"https:\/\/felvi-teszt.vik.bme.hu\/wp-content\/uploads\/2024\/07\/menrokinfo.jpg\" alt=\"\" class=\"wp-image-105\"\/><\/figure>\n<\/div>\n\n\n\n<div class=\"wp-block-group alignfull has-base-color has-contrast-background-color has-text-color has-background has-global-padding is-layout-constrained wp-container-core-group-is-layout-5ef3a871 wp-block-group-is-layout-constrained\" style=\"margin-top:0;margin-bottom:0;padding-top:var(--wp--preset--spacing--20);padding-right:var(--wp--preset--spacing--60);padding-bottom:var(--wp--preset--spacing--20);padding-left:var(--wp--preset--spacing--60)\">\n<div class=\"wp-block-group has-global-padding is-layout-constrained wp-block-group-is-layout-constrained\">\n<h1 class=\"wp-block-heading has-text-align-center has-base-color has-text-color has-link-color wp-elements-28c05b41430d5fc18c197e724b8c5657\" style=\"margin-top:var(--wp--preset--spacing--20);margin-bottom:var(--wp--preset--spacing--20)\">SPECIALIZ\u00c1CI\u00d3<\/h1>\n\n\n\n<p class=\"has-text-align-center has-base-2-color has-text-color has-heading-font-family has-medium-font-size\" style=\"line-height:1.2\"><em>A BSc k\u00e9pz\u00e9s k\u00e9t r\u00e9szre, az alapszakra \u00e9s a specializ\u00e1ci\u00f3ra oszlik. Az alapszak a term\u00e9szettudom\u00e1nyos \u00e9s szakmai alapoz\u00f3 tant\u00e1rgyakat tartalmazza, melyek minden hallgat\u00f3 sz\u00e1m\u00e1ra k\u00f6telez\u0151ek. Az alapszak elv\u00e9gz\u00e9s\u00e9t k\u00f6vet\u0151en az utols\u00f3 m\u00e1sf\u00e9l \u00e9v specializ\u00e1ci\u00f3 k\u00e9pz\u00e9sen folyik, ahol m\u00e1r egy sz\u0171kebb t\u00e9mater\u00fcleten val\u00f3 m\u00e9rn\u00f6ki munk\u00e1ra k\u00e9sz\u00edt fel az egyetem. A kar a m\u00e9rn\u00f6kinformatikus szakon h\u00e1rom specializ\u00e1ci\u00f3t k\u00edn\u00e1l, melyek k\u00f6z\u00fcl \u00e9rdekl\u0151d\u00e9sednek megfelel\u0151en v\u00e1laszthatsz.<\/em><\/p>\n\n\n\n<div style=\"height:var(--wp--preset--spacing--10)\" aria-hidden=\"true\" class=\"wp-block-spacer\"><\/div>\n\n\n\n<div class=\"wp-block-group is-vertical is-content-justification-center is-nowrap is-layout-flex wp-container-core-group-is-layout-2dc08cea wp-block-group-is-layout-flex\">\n<ul class=\"wp-block-list\">\n<li style=\"margin-top:0;margin-bottom:0\">Szoftverfejleszt\u00e9s specializ\u00e1ci\u00f3<\/li>\n\n\n\n<li>Intelligens h\u00e1l\u00f3zatok specializ\u00e1ci\u00f3<\/li>\n\n\n\n<li>Inform\u00e1ci\u00f3s rendszerek specializ\u00e1ci\u00f3<\/li>\n<\/ul>\n<\/div>\n<\/div>\n<\/div>\n\n\n\n<div class=\"wp-block-group alignfull has-global-padding is-layout-constrained wp-container-core-group-is-layout-b673cb31 wp-block-group-is-layout-constrained\" style=\"margin-top:0;margin-bottom:0;padding-top:var(--wp--preset--spacing--30);padding-right:var(--wp--preset--spacing--50);padding-bottom:var(--wp--preset--spacing--30);padding-left:var(--wp--preset--spacing--50)\">\n<div class=\"wp-block-group alignwide has-global-padding is-layout-constrained wp-container-core-group-is-layout-19e250f3 wp-block-group-is-layout-constrained\">\n<div class=\"wp-block-group is-vertical is-content-justification-center is-layout-flex wp-container-core-group-is-layout-6329a8f3 wp-block-group-is-layout-flex\">\n<h2 class=\"wp-block-heading has-text-align-center\" style=\"margin-top:var(--wp--preset--spacing--10);margin-bottom:var(--wp--preset--spacing--10)\">TUDOM\u00c1NYOS TEV\u00c9KENYS\u00c9G, TOV\u00c1BBTANUL\u00c1S<\/h2>\n\n\n\n<p>Hallgat\u00f3ink sz\u00e1m\u00e1ra m\u00e1r a k\u00e9pz\u00e9s folyam\u00e1n lehet\u0151s\u00e9g ny\u00edlik a tudom\u00e1nyos \u00e9letbe val\u00f3 bekapcsol\u00f3d\u00e1sra. A Tudom\u00e1nyos Di\u00e1kk\u00f6r keretei k\u00f6z\u00f6tt \u00f6n\u00e1ll\u00f3an vagy n\u00e9h\u00e1ny f\u0151s csapatban dolgozhatsz egy \u00e1ltalad v\u00e1lasztott t\u00e9m\u00e1n egy oktat\u00f3 seg\u00edts\u00e9g\u00e9vel, vagy bekapcsol\u00f3dhatsz a kar valamely tansz\u00e9k\u00e9n fut\u00f3 kutat\u00e1si projektbe, illetve kit\u0171n\u0151 lehet\u0151s\u00e9geket ny\u00fajt a <a href=\"https:\/\/simonyi.bme.hu\/\" target=\"_blank\" rel=\"noreferrer noopener\">Simonyi K\u00e1roly Szakkoll\u00e9gium<\/a>&nbsp;is.<\/p>\n\n\n\n<p>Tehets\u00e9ges hallgat\u00f3ink sz\u00e1m\u00e1ra a rendszeres tanulm\u00e1nyi \u00f6szt\u00f6nd\u00edjon fel\u00fcl sz\u00e1mos m\u00e1s szakmai alap\u00fa&nbsp;<a href=\"https:\/\/vik.hk\/category\/palyazat\/palyazat-kiiras\/\" target=\"_blank\" rel=\"noreferrer noopener\">\u00f6szt\u00f6nd\u00edjp\u00e1ly\u00e1zat<\/a>&nbsp;\u00e1ll rendelkez\u00e9s\u00e9re.<\/p>\n<\/div>\n\n\n\n<div style=\"height:var(--wp--preset--spacing--40)\" aria-hidden=\"true\" class=\"wp-block-spacer\"><\/div>\n\n\n\n<figure class=\"wp-block-image size-full is-style-rounded is-style-rounded--2\"><img loading=\"lazy\" decoding=\"async\" width=\"1866\" height=\"1149\" src=\"https:\/\/felvi-teszt.vik.bme.hu\/wp-content\/uploads\/2024\/07\/mernokinfo2.jpg\" alt=\"\" class=\"wp-image-112\"\/><\/figure>\n\n\n\n<h3 class=\"wp-block-heading\" style=\"margin-top:var(--wp--preset--spacing--40);margin-bottom:var(--wp--preset--spacing--10)\">TOV\u00c1BBI INFORM\u00c1CI\u00d3<\/h3>\n\n\n\n<p>Az alapk\u00e9pz\u00e9s elv\u00e9gz\u00e9se ut\u00e1n a <a href=\"https:\/\/felvi.vik.bme.hu\/msc\/\">\u00f6t mesterszakunk<\/a> valamelyik\u00e9n folytathatod a tanulm\u00e1nyaidat, vagy munk\u00e1t v\u00e1llalhatsz az iparban. Ut\u00f3bbi esetben kiemelked\u0151en j\u00f3 elhelyezked\u00e9si \u00e9s kereseti lehet\u0151s\u00e9gek v\u00e1rnak r\u00e1d!<\/p>\n\n\n\n<p>A specializ\u00e1ci\u00f3kr\u00f3l b\u0151vebben a kar <a href=\"https:\/\/www.vik.bme.hu\/document\/476\/original\/BSc_program_U.pdf\" target=\"_blank\" rel=\"noreferrer noopener\">k\u00e9pz\u00e9si programj\u00e1ban<\/a> olvashatsz.<\/p>\n<\/div>\n<\/div>\n","protected":false},"excerpt":{"rendered":"<p>R\u00f6vid \u00e1ttekint\u00e9s a Kar BSc szint\u0171 m\u00e9rn\u00f6kinformatikus k\u00e9pz\u00e9s\u00e9r\u0151l, a k\u00e9pz\u00e9s c\u00e9lj\u00e1r\u00f3l \u00e9s fel\u00e9p\u00edt\u00e9s\u00e9r\u0151l, a megszerezhet\u0151 ismeretekr\u0151l. A m\u00e9rn\u00f6kinformatikus szak egyike a Magyarorsz\u00e1gon tal\u00e1lhat\u00f3 h\u00e1rom informatikus egyetemi szaknak (m\u00e9rn\u00f6kinformatikus, programtervez\u0151 informatikus \u00e9s gazdas\u00e1gi informatikus). A villamosm\u00e9rn\u00f6ki szakm\u00e1b\u00f3l n\u0151tte ki mag\u00e1t, \u00edgy a m\u00e1sik k\u00e9t szakkal ellent\u00e9tben a tanterv&nbsp;mag\u00e1n hordozza a m\u00e9rn\u00f6ks\u00e9g jegyeit. Az itt v\u00e9gz\u0151 egyetemist\u00e1k [&hellip;]<\/p>\n","protected":false},"author":1,"featured_media":0,"parent":0,"menu_order":0,"comment_status":"closed","ping_status":"closed","template":"","meta":{"footnotes":""},"class_list":["post-104","page","type-page","status-publish","hentry"],"_links":{"self":[{"href":"https:\/\/felvi-teszt.vik.bme.hu\/index.php\/wp-json\/wp\/v2\/pages\/104","targetHints":{"allow":["GET"]}}],"collection":[{"href":"https:\/\/felvi-teszt.vik.bme.hu\/index.php\/wp-json\/wp\/v2\/pages"}],"about":[{"href":"https:\/\/felvi-teszt.vik.bme.hu\/index.php\/wp-json\/wp\/v2\/types\/page"}],"author":[{"embeddable":true,"href":"https:\/\/felvi-teszt.vik.bme.hu\/index.php\/wp-json\/wp\/v2\/users\/1"}],"replies":[{"embeddable":true,"href":"https:\/\/felvi-teszt.vik.bme.hu\/index.php\/wp-json\/wp\/v2\/comments?post=104"}],"version-history":[{"count":7,"href":"https:\/\/felvi-teszt.vik.bme.hu\/index.php\/wp-json\/wp\/v2\/pages\/104\/revisions"}],"predecessor-version":[{"id":294,"href":"https:\/\/felvi-teszt.vik.bme.hu\/index.php\/wp-json\/wp\/v2\/pages\/104\/revisions\/294"}],"wp:attachment":[{"href":"https:\/\/felvi-teszt.vik.bme.hu\/index.php\/wp-json\/wp\/v2\/media?parent=104"}],"curies":[{"name":"wp","href":"https:\/\/api.w.org\/{rel}","templated":true}]}}